 p(q) = 12*q**2 - q + 6. Let a be p(5). Suppose 2*l = -a + 321. Let g(b) = b**2 - 8*b - 12. What is g(l)?
8
Let w = 14 - 11. Suppose 3*y + 0*y = -3*h + w, 4 = 3*y + 4*h. Let p(v) = v**3 + v**2 + v - 2. What is p(y)?
-2
Let p(b) = -b + 2723 + 13*b**3 - 2725 - 12*b**2 + 15*b**2. Calculate p(-1).
-11
Let r(x) = -2*x**2 + 5*x + 15. Let s(h) = 9*h**2 + 7*h + 12. Let n(k) = -2*k**2 + 1. Let l(y) = -6*n(y) - s(y). Let o(b) = 4*l(b) + 5*r(b). What is o(2)?
5
Let r(i) = 128*i**2 - 2*i + 1. Suppose -152*w + 169 = 32*w - 15*w. Give r(w).
127
Let q(b) = 10*b - 26 + b**2 + 19 - 2*b**2. Let l be 48/5 + 2/5. Calculate q(l).
-7
Let y(g) = -5*g + 5. Let v be 10/(-2) - 11/11. Let m(r) = r - 1. Let c(n) = v*m(n) - y(n). Suppose -14*f = -a - 11*f - 15, 5*a - 5*f + 35 = 0. Give c(a).
4
Let m = 102 + -96. Let j(d) = d**2 + 7*d + m - 3 - 5*d - 2. Calculate j(-4).
9
Let g(o) be the third derivative of -o**5/60 - 3*o**4/8 - 5*o**3/6 - 471*o**2. Give g(-9).
-5
Let z(c) = -c**3 + 5*c**2 + 8*c + 9. Suppose 5*a = 5*d + 795, -8*a + 5*a - 175 = d. Let l = d - -170. Give z(l).
-33
Let q be -7*2/70 + ((-19)/5 - 0). Let b(f) = f**2 + 17*f + 63. What is b(q)?
11
Let c(j) = -12*j - 3*j**2 + j**2 - 108 + 100. Let g be c(-5). Let p(l) = -6*l + 4 - 2 + l**2 - g*l**2 + 0*l**2. Determine p(-6).
2
Let d(z) = -4*z**2 - 5358*z + 5*z**2 - 79 + 10702*z + 0*z**2 - 5357*z. Give d(18).
11
Let q(y) = 32*y + 100. Suppose 13*t + 3 = -36. Calculate q(t).
4
Let i(n) = 719*n + 81 + 718*n - 2191*n + 206 + 728*n. Calculate i(11).
1
Let x(r) be the second derivative of -r**6/120 + r**5/20 + 7*r**4/12 - 17*r**3/6 + 18*r**2 + 55*r - 2. Let b(i) be the first derivative of x(i). What is b(5)?
3
Let q(x) = -5*x**2 - 8*x + 6. Let r = 1545 - 1549. Give q(r).
-42
Let d(q) = 7*q**3 - 30*q**2 + 30*q + 46. Let x(s) = -3*s**3 + 14*s**2 - 15*s - 23. Let f(n) = 2*d(n) + 5*x(n). Give f(8).
-15
Let u(t) = 8*t**2 + 20*t + 17. Let n(i) = -55*i**2 - 4 - 3 + 103*i**2 - 53*i**2 - 2 - 11*i. Let f(o) = 5*n(o) + 3*u(o). Calculate f(5).
6
Let a(o) = -6*o + 9*o**2 + o**3 - 2*o - 8 + 14 - 2*o. Let d = 3688 - 3698. Determine a(d).
6
Suppose -29*a + 0 + 58 = 0. Let w(b) = -18*b - 5 + 15*b + b**2 + 0*b**a. Calculate w(5).
5
Let a(w) be the first derivative of 11*w**3/3 - w**2/2 - 452. Determine a(1).
10
Let w(y) be the third derivative of 6*y**2 + 0 - 11/24*y**4 + 1/120*y**6 + 2*y**3 + 0*y - 7/60*y**5. Suppose 5*s - 11463 = -11423. Give w(s).
-12
Let y = 22 + -24. Let r be y + 2/((-2)/(-9)). Let v(a) = -3 - 1 - 5*a + r - 4. Give v(1).
-6
Let k be 2 + (-120)/55 - 444/(-22). Suppose 8 = -2*p, 0 = -5*x + p + 4*p + k. Let i(g) = 3*g - 32 + 14 + 19 + 5*g**2 + x*g. Determine i(-2).
15
Suppose 0*h = -4*h + 2*p, h + 2*p - 10 = 0. Let y(z) = 41*z + 32. Let r be y(7). Let m(q) = -647*q - 2*q**2 + 2*q**3 + 2 + 325*q + r*q. Calculate m(h).
4
Let d(m) = -m**2 - 6*m + 10. Let a(h) = h + 2. Let b be a(-3). Let z be 6 + (b - -2 - -1). Let f be (-16)/z*(3 + 1). Calculate d(f).
-6
Let f = 138 + -132. Suppose 4*p - 9*a = -6*a + f, -8 = -3*p + 4*a. Let i(g) = -4 + 2*g + 3 - g**2 - g - 2 + g**3. Determine i(p).
-3
Let p(g) = 4*g**3 - 3*g**2 + 2*g - 1. Let i be 2682/4*(32/24)/(-1). Let k = i - -896. What is p(k)?
23
Suppose -6*s + 9 = -5*s - 4*f, 4*f = 3*s - 3. Let w(m) = 15*m + 45. Calculate w(s).
0
Let l(r) = 9*r**2 + 2*r. Let q = 2706 - 2707. Calculate l(q).
7
Let a(n) be the first derivative of -41*n**2/2 - 6*n + 4049. Calculate a(-1).
35
Let s(k) = k**3 + 11*k**2 - 9*k + 26. Suppose 3344*q + 132 = 3333*q. Determine s(q).
-10
Let p(f) = -6*f**3 + 2*f**2 + 2*f + 10. Let v(k) = -k**3 + 1. Let t(j) = -p(j) + 8*v(j). Suppose 0 = o + 2*a, -9*o = -14*o - 2*a - 8. What is t(o)?
10
Let f(m) = -m**3 + 6*m**2 + 6. Suppose -5*w + 12 = -c - 3*c, -3*c - 2*w + 14 = 0. Suppose 3*i - 3 = 0, -3*i = 3*o - c - 64. Suppose o + 9 = 5*k. What is f(k)?
6
Let x(n) = n**2 + 7*n + 6. Let g be x(-6). Suppose -i + 5*u = u - 3, 2*u = g. Let o(j) = 3 - 5*j + j + 2*j - 1 + 0. What is o(i)?
-4
Let t(x) = -4*x**2 - 5*x - 10. Let z(k) = k + 10*k**2 - 6*k**2 + 2 - 3*k**2. Let h(p) = -t(p) - 5*z(p). Let n(c) = 3*c + 33. Let b be n(-12). Determine h(b).
-9
Let q be 5*(0 - (-4)/20). Let b(o) = o**3 - 7*o**2 - o + 7. Let a(z) = -z**2 + 1. Let y(v) = q*b(v) - 3*a(v). What is y(3)?
-8
Let i(h) = -6*h**2 - 17*h - 9*h**2 + 27*h**2 - 9*h**2 + 1. Let g(u) = -u**2 + 2*u - 1. Let p(m) = 2*g(m) + i(m). Determine p(9).
-37
Let o(k) = k**3 + 13*k**2 - 24*k - 2. Let t be o(-15). Let f = -97 - t. Let i(r) = -4*r - 7. Calculate i(f).
13
Let x(z) be the third derivative of z**5/60 + 7*z**4/24 - z**3/3 - 1241*z**2. Calculate x(-7).
-2
Let a(w) = -5*w**2 + 14*w**3 + 0*w**2 - 15*w + 27*w - 13*w**3 - 12 - 3*w**2. What is a(6)?
-12
Let x(z) = z**2 + 11*z - 81. Let g(i) = 2*i**3 - 6*i**2 - 48*i + 124. Let w be g(5). Give x(w).
-1
Let z be 468/65 - ((-28)/10 + 2). Suppose -z = -4*x - 0. Let s(g) = g**3 - 4*g + x*g**2 + 10*g - 3*g. Give s(-2).
-6
Let f(a) = -212*a + 16. Let n be f(-1). Let u(p) = p**2 - 113 + n - 107 - 8*p. What is u(6)?
-4
Let a(c) = 3*c - 3. Let o = -1 + 3. Suppose -o*v - 24 = -5*u + 8*u, -3*v = 9. Let l be ((-27)/u + 0)*4/(-6). What is a(l)?
-12
Let m(o) = 5*o. Let w(k) = -4*k. Let a(g) = -5*m(g) - 6*w(g). Let n be a(-1). Let l(j) = -j + j - j - n - 4. Calculate l(-4).
-1
Let w(t) = 40 - 28 - 27 - 6*t - 15. Determine w(-22).
102
Let r(z) = z**3 - 2*z**2 - 3*z + 1. Let x be 6/10 - (-39)/(-15). Let s be r(x). Let l(n) = n + 7. Calculate l(s).
-2
Let c(y) = -y + y + 2*y + 16 - 19 - 7*y. Let v(p) = 4*p + 3. Let r(u) = -3*c(u) - 4*v(u). Give r(0).
-3
Let j(b) = -4*b**2 + 57*b - 8. Let y be j(14). Let z(k) be the second derivative of k**5/20 - 7*k**4/12 + 7*k**3/6 - 2*k**2 + 121*k. Determine z(y).
2
Let h(k) = 7*k**3 - k + 2. Let d be h(1). Suppose 0 = 294*r - 296*r - d. Let f(a) = -2*a**2 - 4*a - 1. Give f(r).
-17
Let r(n) = -n**3 - 2*n**2 + 2*n - 4. Let z(i) = -6*i**3 - 8*i**2 - 5*i - 42. Let c(b) = -7*r(b) + z(b). Give c(-8).
10
Let d(t) = t**2 + 2*t + 1. Let f be 80/(-32)*6/(-5). Suppose 0*m + m + 11 = a, 65 = 5*a - f*m. Let x be a/(-160) - 9/10. Give d(x).
0
Let w(q) = -q**2 + 7. Let i(v) = -4*v**2 + 4*v + 21. Let p(n) = -i(n) + 2*w(n). What is p(5)?
23
Let g(i) be the third derivative of -7*i**4/24 + 14*i**3/3 + 5018*i**2. Determine g(-11).
105
Let c(u) be the second derivative of 7/6*u**3 - 2*u**2 - 1/12*u**4 + 25*u + 0. Determine c(7).
-4
Let l(p) be the third derivative of p**5/60 + p**3/6 - p**2 - 197. Give l(3).
10
Let q(k) = -9. Let c(h) = h + 8. Let a(s) = 4*c(s) + 3*q(s). Let l be a(-2). Let w(f) = f**2 + 3*f + 4. What is w(l)?
4
Let q = 28 - 18. Let f(b) be the third derivative of -b**5/60 + 5*b**4/12 + b**3/2 + 8*b**2. Give f(q).
3
Let l be 9 + 2 - (8 - 1). Let i(o) = -24*o + 94. Give i(l).
-2
Let x(k) = -k**3 - 10*k**2 + 10*k - 12. Let b = -29 + 40. Let i = -83 + b. Let l = i + 61. Give x(l).
-1
Suppose 0 = -119*j + 117*j + 20. Let d(i) = 7*i - i - 6*i - j - 5*i. Give d(-7).
25
Let p(b) = 4 - 5*b**2 - 6*b + 8 - 3 - 372*b**3 + 373*b**3. Let k be 1 - (-1)/((-6)/(-10))*3. Determine p(k).
9
Let c(x) = x**3 - 3*x**2 - 75*x - 38. Let s be c(-7). Let r(n) = -6*n**3 - 18*n**2 + 6*n + 7. Give r(s).
-11
Let m(s) be the third derivative of 1/120*s**6 - 1/3*s**3 + 1/12*s**4 + 0*s + 0 - 45*s**2 + 1/15*s**5. Give m(-2).
2
Let x(i) be the first derivative of i**2 + 36*i - 197. Give x(-6).
24
Let s(u) be the second derivative of -u**4/12 - u**3 + 15*u**2/2 - 37*u. Let n be (-10 - (-4 - -3)) + 2. Determine s(n).
8
Let z(f) be the second derivative of f**4/6 + 23*f**3/2 - 139*f**2/2 + 11972*f. Calculate z(2).
7
Let y(d) be the first derivative of -d**2 - 11*d - 2. Let z = -88 - -70. Let p be (2 + 12/z)/((-3)/18). What is y(p)?
5
Let h(z) = z**2 + 15*z + 6. Let l(m) = -1558 - m + 1558. Let k(o) = h(o) + 3*l(o). What is k(-10)?
-14
Let x(c) = 7*c**2 - 11*c - 4. Suppose 0 = -2*s - 4*v - 18 + 10, -3*v - 15 = -3*s. Determine x(s).
2
Suppose 0 = 2*q + 4*b + 22, 5*q + 2*b + 57 - 10 = 0. Let x(o) be the second derivative of -o**3/6 - 4*o**2 + 12*o - 82. Give x(q).
1
Let i = 37/124 - 3/62. Let v(h) be the first derivative of -h**2 - 2 + 4*h - 5/3*h**3 - i*h**4. Determine v(-5).
14
Let p(s) = 37*s + 19*s - 10*s + 28*s + 71*s. Give p(1).
145
Let m be 1*(9/(-3) - -2). Let t = m + 1. Let k(x) = -5*x - 9